ighest common factor of 8032 and m?
32
Let c(y) = -y**3 + 19*y**2 - 29*y + 4. Let n be c(16). Suppose 8*j - n = 772. Calculate the greatest common factor of j and 225.
45
Suppose -67*u + 7417 = 717. What is the highest common factor of 3425 and u?
25
Suppose 605*s = 597183 + 1420492. What is the highest common divisor of s and 575?
115
Let o = 18376 + -12951. Calculate the highest common divisor of 7 and o.
7
Let n = -81 + 972. Calculate the highest common divisor of n and 22.
11
Suppose 3*b = -19 + 244. Let g = 163 + -63. What is the greatest common divisor of g and b?
25
Let r(x) = -x + 10. Let k be r(8). Let s = 181 - 181. Suppose s = 3*d - 3*v - 0 - 6, 3 = -d - 4*v. What is the greatest common divisor of d and k?
1
Suppose -6*l - 75 = -3*j, 100 = 4*j - 28*l + 29*l. Calculate the greatest common factor of j and 15475.
25
Let g = 2355 + -640. Let o(h) = -h**3 + 21*h**2 - 124*h + 241. Let y be o(12). Calculate the highest common divisor of y and g.
49
Suppose 3*i - 3*s = -73 + 406, -3*s = 2*i - 207. Let m = -427 + 607. What is the highest common divisor of i and m?
36
Suppose 0 = -59*p + 949 + 290. Suppose 0 = v + 3*r + 5, 9 + 0 = -3*r. Let m = v + 3. What is the greatest common factor of m and p?
7
Let v = 23 + -11. Let s(z) = 292*z**2 + 1758*z + 48. Let l be s(-6). What is the highest common factor of l and v?
12
Suppose -58*m - 785 = -k - 60*m, 0 = 4*m - 8. Calculate the highest common divisor of k and 11.
11
Suppose -74*n = 65*n - 7923. Calculate the greatest common divisor of n and 1387.
19
Suppose 2648 = -34*k + 3838. Suppose -24 = -b - 0*b - 4*p, -4 = 4*p. What is the greatest common divisor of k and b?
7
Suppose -18 - 3 = -3*o - 4*w, 6 = 4*o - 2*w. Suppose -15 = -0*a - o*a. Let g be ((-19)/(-1) - 2)/1 - 2. What is the greatest common factor of a and g?
5
Suppose 748 = 10*r - 2112. Let i = -283 + r. Calculate the highest common divisor of 24 and i.
3
Let u be 6/(7/(168/18)). Let v = 35 - u. Suppose f - 37 = -w + 27, w = -4*f + 253. What is the greatest common factor of f and v?
9
Suppose -3*q - 2*i + 1258 + 3204 = 0, 0 = 3*q + i - 4463. Calculate the highest common divisor of 108 and q.
12
Let r be 455/(-25)*(-6)/(-4)*-10. What is the greatest common factor of 1729 and r?
91
Let a be (84/(-35))/(12/(-315)) - -5. Calculate the greatest common divisor of a and 221.
17
Suppose 67*l - 349516 - 29420 = -104*l. What is the highest common factor of l and 8?
8
Let m = -12 + 23. Suppose 443 = -22*u + 74*u - 129. What is the highest common factor of u and m?
11
Let f = -359 + 410. Calculate the highest common divisor of 4437 and f.
51
Let w be (84/8 - 10)/((-2)/(-12192)). Suppose 17*k - w = -192. What is the highest common factor of 224 and k?
56
Suppose -83*k + 80*k + 13359 = 0. Suppose 4*a = k - 1701. Calculate the greatest common factor of a and 16.
16
Let q = -325 + 543. Let g = -191 + q. What is the highest common divisor of g and 189?
27
Let t = 1826 + -1804. What is the highest common factor of t and 1221?
11
Let u = -2332 + 2482. What is the greatest common divisor of u and 9375?
75
Let v(z) = 2*z**3 - 19*z**2 + 9*z + 12. Let d be v(9). Calculate the highest common divisor of d and 282.
6
Let q be 2/50*-2 + 163/((-268950)/(-171732)). Let b(n) = n + 8. Let z be b(0). What is the greatest common divisor of z and q?
8
Let r(j) = -j**2 - 11*j - 5. Let o be r(-10). Suppose 5 = -t, -o*c - t + 3 = -c. Suppose 1265 = c*m + 3*m. Calculate the highest common divisor of 23 and m.
23
Let r be (-13 + (-1596)/(-48))*4. Calculate the highest common factor of 81 and r.
81
Suppose 40*p - 649737 - 114703 = 0. Calculate the highest common divisor of 29 and p.
29
Suppose 5*x - 5*t + 0*t = 75, -2*t = 6. Suppose -1520 = -x*n + 460. What is the highest common divisor of n and 45?
15
Let p(k) = 8*k**2 + 135*k - 65. Let n be p(-22). What is the highest common divisor of n and 216?
27
Let n be -20 + (-2 - (-2 + 4)). Let s = n - -26. Suppose -s*a = -5*f + 45, 3*f - 3*a + 5*a = 27. Calculate the highest common factor of f and 72.
9
Let n = -148 - -156. Suppose n*a = -17*a + 250. Let r(o) = 11*o**2 + o. Let x be r(-1). Calculate the highest common divisor of x and a.
10
Let p(g) = -109*g - 42. Let d be p(-7). Let x = -708 + d. Calculate the highest common factor of 39 and x.
13
Let r(h) be the second derivative of -61*h**3/3 - 23*h**2/2 - 203*h - 1. Let t be r(-1). What is the highest common factor of t and 36?
9
Suppose 0 = -53*t + 8961 - 3025. Calculate the highest common factor of t and 1526.
14
Suppose -180 = -5*t - 4*x, -129*x = -125*x - 20. What is the highest common divisor of 212 and t?
4
Suppose -20*a + z = -21*a + 1, -a + 5*z = 11. Let d be (a/(-2))/(7*(-1)/(-8918)). What is the greatest common divisor of 13 and d?
13
Let d(i) = i**3 - 23*i**2 - 218*i + 5154. Let m be d(23). What is the greatest common divisor of m and 940?
20
Suppose 0 = -674*r + 646*r + 140. Suppose 0 = -4*i + 3*i + 20. Calculate the greatest common divisor of i and r.
5
Suppose -6*g = -4*g - 142. Let f = g - -18. Let x = f - -7. What is the highest common factor of x and 12?
12
Suppose -125*q + 120*q + 5*h + 5715 = 0, 3*q = 4*h + 3427. Calculate the highest common divisor of 458 and q.
229
Suppose -23946 + 28644 = 18*a. Calculate the greatest common factor of a and 8787.
87
Suppose -5*b - 3354*u + 68012 = -3351*u, 0 = -4*b + 4*u + 54384. What is the highest common divisor of 68 and b?
68
Let a = -254 - -245. Let g(i) = i**3 + 8*i**2 - 9*i + 36. Let n be g(a). Calculate the highest common factor of 144 and n.
36
Let g = 7 - -13. Suppose -3*p - 5*m - 20 = 0, 0*p - 5*m - g = -4*p. Suppose p = 3*s - 9*s + 1140. What is the highest common divisor of 38 and s?
38
Suppose -60 = -d + 2*o, 6*d - 230 = 2*d + 3*o. Calculate the highest common factor of 7896 and d.
56
Suppose -t + 5*l + 14 = -11, -3*l - 6 = 0. Let z(q) = -51*q - 192. Let h be z(-7). Calculate the highest common divisor of t and h.
15
Suppose -6*y = -2*y + 8. Let w be 1/(y*(-4)/32). Let p be 1*(-3 + w)*19. What is the greatest common divisor of p and 19?
19
Suppose -73*c + 79*c - 678 = 0. What is the greatest common factor of 2 and c?
1
Let k be 4/(-6)*(19 + 14). Let u be 76/6 + 3/9. Let r be (-702)/u*k/3. Calculate the highest common factor of 36 and r.
36
Let m = 40 + -29. Let w = 44 - 42. Suppose 4*v = w*x - 240, 385 = 3*x - 2*v + 45. What is the highest common divisor of m and x?
11
Suppose -8*o - 6 = -54. Let c(r) = 2*r**3 - 10*r**2 + 11*r + 16. Let w be c(o). What is the highest common factor of 56 and w?
14
Suppose 5*p - 2*a - 1455 = 268, -4*a + 1039 = 3*p. Calculate the highest common divisor of 7015 and p.
115
Suppose -23*f + 2*f = -546. Calculate the highest common factor of f and 15951.
13
Let s be 1*(-1 + 1)*1. Suppose 0 = 430*c - 483*c + 2703. Suppose s = -2*g + 2*n + 18, 5*n = -3*g - 0*n + c. What is the greatest common factor of g and 18?
6
Suppose -7*k + 316 = -664. Calculate the highest common factor of k and 20.
20
Let m(c) = 2*c**3 - c + 2. Let k(q) = -q**2 - 6*q - 7. Let j be k(-5). Let z be (j/6)/(3/(-9)). Let n be m(z). Calculate the greatest common factor of n and 24.
3
Let f = 46724 + -46706. Let l be 11*1*3*3. What is the highest common factor of l and f?
9
Let y be (-20)/(-46)*(-3979)/(-346). Let l(s) = -4*s**3 - 6*s**2 - 4*s + 4. Let i be l(-4). Calculate the greatest common divisor of i and y.
5
Suppose -p = -3, 5*d - p - 311 - 226 = 0. Let v(o) = -4*o + 1. Let n be v(-3). Let b be (n + 3)/(14/63). What is the highest common factor of d and b?
36
Let o = 5141 + 1627. What is the greatest common factor of 216 and o?
72
Suppose -4538 = -37*y + 7413. Suppose -y = -11*l + 2669. Calculate the greatest common factor of 16 and l.
16
Suppose 0 = y + 16 - 16. Suppose -16*r + y = -224. What is the greatest common divisor of r and 7?
7
Let p = -284 + 264. Let s be (3/1)/(2 - (-34)/p). Calculate the greatest common divisor of 10 and s.
10
Let b = -272 + 256. Let y be (-66)/176 + (-390)/b. What is the highest common divisor of y and 168?
24
Let r = -13665 - -13801. What is the greatest common divisor of 1649 and r?
17
Let d be (-1 + 1)*(-29)/(-58). Suppose 11*b - 9*b - 4*z - 36 = d, -4*z + 24 = b. What is the highest common factor of 70 and b?
10
Let y(k) = 12*k + k**2 - 2 + 0*k**2 - 20. Let j(h) = h**3 - 4*h + 1